{"id":10,"date":"2013-11-06T11:36:38","date_gmt":"2013-11-06T09:36:38","guid":{"rendered":"http:\/\/www.tuoriniemensuku.fi\/?page_id=10"},"modified":"2014-07-19T21:31:46","modified_gmt":"2014-07-19T18:31:46","slug":"historia","status":"publish","type":"page","link":"https:\/\/www.tuoriniemensuku.fi\/?page_id=10","title":{"rendered":"Historia"},"content":{"rendered":"<p>Tuoriniemen sukuseura ry perustettiin Pyh\u00e4j\u00e4rvell\u00e4 Lamminahon Hiisituvalla 14.7.2013. Paikalla oli kolmisenkymment\u00e4 suvun j\u00e4sent\u00e4. Kuvassa perustamisasiakirjan allekirjoittajat Tanja Tuoriniemi (vas.), Merja Tuoriniemi ja Matti Niemi.<\/p>\n<p><a href=\"http:\/\/www.tuoriniemensuku.fi\/wp-content\/uploads\/2013\/11\/Perustpkallek.jpg\"><img loading=\"lazy\" decoding=\"async\" src=\"http:\/\/www.tuoriniemensuku.fi\/wp-content\/uploads\/2013\/11\/Perustpkallek-300x200.jpg\" alt=\"Perustpkallek\" width=\"300\" height=\"200\" class=\"aligncenter size-medium wp-image-151\" srcset=\"https:\/\/www.tuoriniemensuku.fi\/wp-content\/uploads\/2013\/11\/Perustpkallek-300x200.jpg 300w, https:\/\/www.tuoriniemensuku.fi\/wp-content\/uploads\/2013\/11\/Perustpkallek-1024x682.jpg 1024w, https:\/\/www.tuoriniemensuku.fi\/wp-content\/uploads\/2013\/11\/Perustpkallek-624x416.jpg 624w\" sizes=\"(max-width: 300px) 100vw, 300px\" \/><\/a><\/p>\n<p>Hein\u00e4kuussa 2014 pidettiin <a href=\"http:\/\/www.tuoriniemensuku.fi\/?page_id=272\" title=\"Sukujuhla 2014\">ensimm\u00e4iset sukujuhlat<\/a>.<\/p>\n","protected":false},"excerpt":{"rendered":"<p>Tuoriniemen sukuseura ry perustettiin Pyh\u00e4j\u00e4rvell\u00e4 Lamminahon Hiisituvalla 14.7.2013. Paikalla oli kolmisenkymment\u00e4 suvun j\u00e4sent\u00e4. Kuvassa perustamisasiakirjan allekirjoittajat Tanja Tuoriniemi (vas.), Merja Tuoriniemi ja Matti Niemi. Hein\u00e4kuussa 2014 pidettiin ensimm\u00e4iset sukujuhlat.<\/p>\n","protected":false},"author":1,"featured_media":0,"parent":0,"menu_order":3,"comment_status":"closed","ping_status":"closed","template":"","meta":{"footnotes":""},"_links":{"self":[{"href":"https:\/\/www.tuoriniemensuku.fi\/index.php?rest_route=\/wp\/v2\/pages\/10"}],"collection":[{"href":"https:\/\/www.tuoriniemensuku.fi\/index.php?rest_route=\/wp\/v2\/pages"}],"about":[{"href":"https:\/\/www.tuoriniemensuku.fi\/index.php?rest_route=\/wp\/v2\/types\/page"}],"author":[{"embeddable":true,"href":"https:\/\/www.tuoriniemensuku.fi\/index.php?rest_route=\/wp\/v2\/users\/1"}],"replies":[{"embeddable":true,"href":"https:\/\/www.tuoriniemensuku.fi\/index.php?rest_route=%2Fwp%2Fv2%2Fcomments&post=10"}],"version-history":[{"count":8,"href":"https:\/\/www.tuoriniemensuku.fi\/index.php?rest_route=\/wp\/v2\/pages\/10\/revisions"}],"predecessor-version":[{"id":300,"href":"https:\/\/www.tuoriniemensuku.fi\/index.php?rest_route=\/wp\/v2\/pages\/10\/revisions\/300"}],"wp:attachment":[{"href":"https:\/\/www.tuoriniemensuku.fi\/index.php?rest_route=%2Fwp%2Fv2%2Fmedia&parent=10"}],"curies":[{"name":"wp","href":"https:\/\/api.w.org\/{rel}","templated":true}]}}