{"id":132,"date":"2013-11-30T23:01:08","date_gmt":"2013-11-30T21:01:08","guid":{"rendered":"http:\/\/www.tuoriniemensuku.fi\/?page_id=132"},"modified":"2022-05-20T15:23:46","modified_gmt":"2022-05-20T12:23:46","slug":"hallinto","status":"publish","type":"page","link":"https:\/\/www.tuoriniemensuku.fi\/?page_id=132","title":{"rendered":"Hallinto"},"content":{"rendered":"<p>Sukukokous on sukuseuran korkein p\u00e4\u00e4tt\u00e4v\u00e4 elin. Kokousten v\u00e4lill\u00e4 asioita hoitaa <a title=\"Hallitus\" href=\"http:\/\/www.tuoriniemensuku.fi\/?page_id=14\">hallitus<\/a>. Seuraava sukukokous on kes\u00e4ll\u00e4 2022.<\/p>\n\n\n<p><\/p>\n","protected":false},"excerpt":{"rendered":"<p>Sukukokous on sukuseuran korkein p\u00e4\u00e4tt\u00e4v\u00e4 elin. Kokousten v\u00e4lill\u00e4 asioita hoitaa hallitus. Seuraava sukukokous on kes\u00e4ll\u00e4 2022.<\/p>\n","protected":false},"author":2,"featured_media":0,"parent":0,"menu_order":4,"comment_status":"closed","ping_status":"closed","template":"","meta":{"footnotes":""},"_links":{"self":[{"href":"https:\/\/www.tuoriniemensuku.fi\/index.php?rest_route=\/wp\/v2\/pages\/132"}],"collection":[{"href":"https:\/\/www.tuoriniemensuku.fi\/index.php?rest_route=\/wp\/v2\/pages"}],"about":[{"href":"https:\/\/www.tuoriniemensuku.fi\/index.php?rest_route=\/wp\/v2\/types\/page"}],"author":[{"embeddable":true,"href":"https:\/\/www.tuoriniemensuku.fi\/index.php?rest_route=\/wp\/v2\/users\/2"}],"replies":[{"embeddable":true,"href":"https:\/\/www.tuoriniemensuku.fi\/index.php?rest_route=%2Fwp%2Fv2%2Fcomments&post=132"}],"version-history":[{"count":5,"href":"https:\/\/www.tuoriniemensuku.fi\/index.php?rest_route=\/wp\/v2\/pages\/132\/revisions"}],"predecessor-version":[{"id":435,"href":"https:\/\/www.tuoriniemensuku.fi\/index.php?rest_route=\/wp\/v2\/pages\/132\/revisions\/435"}],"wp:attachment":[{"href":"https:\/\/www.tuoriniemensuku.fi\/index.php?rest_route=%2Fwp%2Fv2%2Fmedia&parent=132"}],"curies":[{"name":"wp","href":"https:\/\/api.w.org\/{rel}","templated":true}]}}