{"id":377,"date":"2015-07-11T00:01:50","date_gmt":"2015-07-10T21:01:50","guid":{"rendered":"http:\/\/www.tuoriniemensuku.fi\/?page_id=377"},"modified":"2015-07-11T00:16:56","modified_gmt":"2015-07-10T21:16:56","slug":"sukujuhla-2015-suku-250-vuotta","status":"publish","type":"page","link":"https:\/\/www.tuoriniemensuku.fi\/?page_id=377","title":{"rendered":"Sukujuhla 2015, suku 250 vuotta"},"content":{"rendered":"<p>Tuoriniemen sukuseura vietti toista sukujuhlaansa 4.7.2015 Pyh\u00e4j\u00e4rvell\u00e4 Ikosen koululla. Samalla vietettiin suvun 250-vuotisjuhlia, sill\u00e4 suvun kantavanhemmat Elias ja Matleena muuttivat Tuoriniemeen vuonna 1765. Paikalla oli 67 suvun j\u00e4sent\u00e4.<\/p>\n<p><a href=\"http:\/\/www.tuoriniemensuku.fi\/wp-content\/uploads\/2015\/07\/Ryhm\u00e4kuva-2015.jpg\"><img loading=\"lazy\" decoding=\"async\" class=\"alignnone size-medium wp-image-378\" src=\"http:\/\/www.tuoriniemensuku.fi\/wp-content\/uploads\/2015\/07\/Ryhm\u00e4kuva-2015-300x102.jpg\" alt=\"Ryhm\u00e4kuva 2015\" width=\"300\" height=\"102\" srcset=\"https:\/\/www.tuoriniemensuku.fi\/wp-content\/uploads\/2015\/07\/Ryhm\u00e4kuva-2015-300x102.jpg 300w, https:\/\/www.tuoriniemensuku.fi\/wp-content\/uploads\/2015\/07\/Ryhm\u00e4kuva-2015-1024x348.jpg 1024w, https:\/\/www.tuoriniemensuku.fi\/wp-content\/uploads\/2015\/07\/Ryhm\u00e4kuva-2015-624x212.jpg 624w\" sizes=\"(max-width: 300px) 100vw, 300px\" \/><\/a><\/p>\n<p>Kuvan saa suuremmaksi klikkaamalla.<\/p>\n<p>Juhlan aluksi julkaistiin Elvi Henttosen piirt\u00e4m\u00e4 Tuoriniemen sukupuu.\u00a0\u00a0<a href=\"http:\/\/www.tuoriniemensuku.fi\/wp-content\/uploads\/2015\/07\/Tuoriniemen-sukupuu-2015.jpg\"><img loading=\"lazy\" decoding=\"async\" class=\"alignnone size-medium wp-image-379\" src=\"http:\/\/www.tuoriniemensuku.fi\/wp-content\/uploads\/2015\/07\/Tuoriniemen-sukupuu-2015-300x213.jpg\" alt=\"Tuoriniemen sukupuu 2015\" width=\"300\" height=\"213\" srcset=\"https:\/\/www.tuoriniemensuku.fi\/wp-content\/uploads\/2015\/07\/Tuoriniemen-sukupuu-2015-300x213.jpg 300w, https:\/\/www.tuoriniemensuku.fi\/wp-content\/uploads\/2015\/07\/Tuoriniemen-sukupuu-2015-1024x727.jpg 1024w, https:\/\/www.tuoriniemensuku.fi\/wp-content\/uploads\/2015\/07\/Tuoriniemen-sukupuu-2015-624x443.jpg 624w, https:\/\/www.tuoriniemensuku.fi\/wp-content\/uploads\/2015\/07\/Tuoriniemen-sukupuu-2015.jpg 1081w\" sizes=\"(max-width: 300px) 100vw, 300px\" \/><\/a><\/p>\n<p>T\u00e4m\u00e4n j\u00e4lkeen Matti Niemi kertoi suvun juurista ja suvun vaiheista. Lue esitys\u00a0<a href=\"http:\/\/www.tuoriniemensuku.fi\/wp-content\/uploads\/2015\/07\/Tuoriniemen-suku-250-vuotta.pdf\">Tuoriniemen suku 250 vuotta<\/a>\u00a0(pdf).<\/p>\n<p>S\u00e4\u00e4nt\u00f6m\u00e4\u00e4r\u00e4isen sukukokouksen yhteydess\u00e4 valittiin suvulle vaakuna kahdeksan ehdotuksen joukosta. Valituksi tuli Martti Tuoriniemen ehdotus. Vaakunan pohjav\u00e4ri ja naularistit ovat Pyh\u00e4j\u00e4rven vaakunasta. Sulkakyn\u00e4 ja Tuorlaispuukko muodostavat T-kirjaimen. Kyn\u00e4 symboloi runoilija Elias Tuorinieme\u00e4 ja suvun kirkkov\u00e4\u00e4rtej\u00e4, jotka joutuivat kyn\u00e4\u00e4 k\u00e4ytt\u00e4m\u00e4\u00e4n. Puukko taas viittaa Tuoriniemien sepp\u00e4perinteeseen. Sukuseuran sihteeri Kati Kyll\u00f6nen kukitti Martin vaakunavaalin ratkettua.<\/p>\n<p><a href=\"http:\/\/www.tuoriniemensuku.fi\/wp-content\/uploads\/2015\/07\/Voittajavaakuna.jpg\"><img loading=\"lazy\" decoding=\"async\" class=\"alignnone size-medium wp-image-381\" src=\"http:\/\/www.tuoriniemensuku.fi\/wp-content\/uploads\/2015\/07\/Voittajavaakuna-267x300.jpg\" alt=\"Voittajavaakuna\" width=\"267\" height=\"300\" \/><\/a> <a href=\"http:\/\/www.tuoriniemensuku.fi\/wp-content\/uploads\/2015\/07\/Vaakunakukitus.jpg\"><img loading=\"lazy\" decoding=\"async\" class=\"alignnone size-medium wp-image-380\" src=\"http:\/\/www.tuoriniemensuku.fi\/wp-content\/uploads\/2015\/07\/Vaakunakukitus-215x300.jpg\" alt=\"Vaakunakukitus\" width=\"215\" height=\"300\" srcset=\"https:\/\/www.tuoriniemensuku.fi\/wp-content\/uploads\/2015\/07\/Vaakunakukitus-215x300.jpg 215w, https:\/\/www.tuoriniemensuku.fi\/wp-content\/uploads\/2015\/07\/Vaakunakukitus-733x1024.jpg 733w, https:\/\/www.tuoriniemensuku.fi\/wp-content\/uploads\/2015\/07\/Vaakunakukitus-624x872.jpg 624w, https:\/\/www.tuoriniemensuku.fi\/wp-content\/uploads\/2015\/07\/Vaakunakukitus.jpg 1940w\" sizes=\"(max-width: 215px) 100vw, 215px\" \/><\/a><\/p>\n<p>Sunnuntaina 5.7. oli linja-autoretki, joka suuntautui kirkolle, Emoniemeen ja Tuoriniemeen. Oppaana toimi Jorma Tulkku.<\/p>\n","protected":false},"excerpt":{"rendered":"<p>Tuoriniemen sukuseura vietti toista sukujuhlaansa 4.7.2015 Pyh\u00e4j\u00e4rvell\u00e4 Ikosen koululla. Samalla vietettiin suvun 250-vuotisjuhlia, sill\u00e4 suvun kantavanhemmat Elias ja Matleena muuttivat Tuoriniemeen vuonna 1765. Paikalla oli 67 suvun j\u00e4sent\u00e4. Kuvan saa suuremmaksi klikkaamalla. Juhlan aluksi julkaistiin Elvi Henttosen piirt\u00e4m\u00e4 Tuoriniemen sukupuu.\u00a0\u00a0 T\u00e4m\u00e4n j\u00e4lkeen Matti Niemi kertoi suvun juurista ja suvun vaiheista. Lue esitys\u00a0Tuoriniemen suku 250 vuotta\u00a0(pdf). [&hellip;]<\/p>\n","protected":false},"author":2,"featured_media":0,"parent":10,"menu_order":2,"comment_status":"closed","ping_status":"closed","template":"","meta":{"footnotes":""},"_links":{"self":[{"href":"https:\/\/www.tuoriniemensuku.fi\/index.php?rest_route=\/wp\/v2\/pages\/377"}],"collection":[{"href":"https:\/\/www.tuoriniemensuku.fi\/index.php?rest_route=\/wp\/v2\/pages"}],"about":[{"href":"https:\/\/www.tuoriniemensuku.fi\/index.php?rest_route=\/wp\/v2\/types\/page"}],"author":[{"embeddable":true,"href":"https:\/\/www.tuoriniemensuku.fi\/index.php?rest_route=\/wp\/v2\/users\/2"}],"replies":[{"embeddable":true,"href":"https:\/\/www.tuoriniemensuku.fi\/index.php?rest_route=%2Fwp%2Fv2%2Fcomments&post=377"}],"version-history":[{"count":6,"href":"https:\/\/www.tuoriniemensuku.fi\/index.php?rest_route=\/wp\/v2\/pages\/377\/revisions"}],"predecessor-version":[{"id":392,"href":"https:\/\/www.tuoriniemensuku.fi\/index.php?rest_route=\/wp\/v2\/pages\/377\/revisions\/392"}],"up":[{"embeddable":true,"href":"https:\/\/www.tuoriniemensuku.fi\/index.php?rest_route=\/wp\/v2\/pages\/10"}],"wp:attachment":[{"href":"https:\/\/www.tuoriniemensuku.fi\/index.php?rest_route=%2Fwp%2Fv2%2Fmedia&parent=377"}],"curies":[{"name":"wp","href":"https:\/\/api.w.org\/{rel}","templated":true}]}}